se
Let f(c) = 7*c**3 + 5*c**2 - 2*c - 1. Let o be f(3). Is 2 + -4 - (-3)/1*o a composite number?
True
Let n be -3 - (-35 + 6/3) - 3. Let y = 4 + n. Is y a prime number?
True
Suppose -a + 7*k - 4*k + 7520 = 0, 5*a = -k + 37616. Is a a composite number?
False
Let a(j) = j**3 - 3*j**2 - 5*j - 3. Let b be a(4). Let m(n) = 63*n - 30. Let d(w) = -32*w + 15. Let u(p) = b*d(p) - 4*m(p). Is u(-7) composite?
False
Suppose -34*m = -45*m + 102685. Is m a composite number?
True
Suppose -k + 3*w + 39472 = 4*w, -157855 = -4*k + 7*w. Is k a composite number?
True
Suppose -20 = -103*g + 93*g. Let v(w) be the second derivative of 28*w**5/5 - w**4/6 + 2*w**3/3 - 3*w**2/2 - 2*w. Is v(g) prime?
False
Is (-1 - 7) + 8983 + 24 prime?
True
Let l = 3281 + -195. Is l a composite number?
True
Let o(z) = 10*z**2 - 6*z. Let p be o(-5). Let x(w) = 43*w**2 - 11*w + 10. Let v be x(1). Suppose -v + p = 2*s. Is s a composite number?
True
Let h be 2042/8 + (-1)/4. Let x(f) = 3*f**2 - 4*f + 1. Let b be x(2). Suppose -8*v + h = -b*v. Is v a prime number?
False
Suppose -v + 27 = 75. Is 1 - -2890 - v/(-12) a prime number?
True
Let v(b) = 32*b**2 - 49*b - 8. Is v(-21) a prime number?
False
Suppose -36 = -5*p - 3*f + 110, f + 96 = 3*p. Suppose 3*n = -15, 5*n - 4668 - p = -4*k. Is k composite?
False
Let k be (543 + -1)/(-4 + 3). Let a = k - -1300. Is a a prime number?
False
Let y(b) = 425*b**2 - 7*b + 1. Is y(-5) composite?
True
Suppose -p + 3689 = n, 3*n - 11244 = p - 169. Is n prime?
True
Let x(y) = y**3 + 4*y**2 - 4*y + 5. Let g be x(-4). Suppose 0 = 2*b + b - g. Let t(c) = c**2 - 7*c + 9. Is t(b) a composite number?
True
Suppose -52 = -d + 8*m - 3*m, 3*d - 2*m - 221 = 0. Let o = d + 66. Is o a composite number?
True
Let m(l) = l**2 + l. Let x be m(12). Suppose 7*h = 3*h + x. Is h prime?
False
Let d = 12 - 8. Let i = d - 0. Is 1 + 37 + i + -5 composite?
False
Let g(b) = 59*b - 151. Is g(18) a composite number?
False
Let r = 6792 + -1598. Let q = -2175 + r. Is q a composite number?
False
Let s(a) = -a**3 + 8*a**2 + 6*a - 13. Let f be s(9). Is (10/f)/((-2)/5384) a composite number?
False
Suppose 5*j + 25 + 5 = 0. Let g be j/4*(-3156)/9. Let r = g + -155. Is r prime?
False
Let a(r) = -5*r**2 - 2*r + 2. Let m be a(-2). Is m/(((-10)/(-395))/(-1)) composite?
True
Suppose 7*i - 11*i + 208 = 0. Suppose 2*d + 10 = -5*k, 3*d + 0*k = -2*k - 37. Let g = i + d. Is g a prime number?
True
Suppose -10*t - 2*p = -9*t - 4391, -2*t + 8783 = 3*p. Is t prime?
False
Let s = -83935 + 122702. Is s composite?
False
Suppose -3*d + 10 = 4. Suppose 3*n - d = n. Is 336 + (-9)/((-3)/n) composite?
True
Let x(q) = 7*q**2 + 43*q + 15. Is x(18) composite?
True
Let z(s) = 15*s**3 - 2*s**2 + 4*s + 16. Let h(u) = -16*u**3 + 3*u**2 - 4*u - 16. Let p(a) = 2*h(a) + 3*z(a). Is p(5) prime?
False
Suppose -122 + 14 = 12*g. Is (-1778)/(-4) - g/18 a prime number?
False
Let v be 6/21 + (-1947)/(-21). Suppose 0 = s + 3*s - 4*i - 120, 3*s = 2*i + v. Is s composite?
True
Let h(t) = 1607*t**2 + 2*t + 7. Is h(-2) prime?
False
Suppose 3*f + 12 = 2*i, 0 = 5*i + 6*f - 3*f - 9. Suppose -5*m - 3524 = -i*h + 2248, 1941 = h + 4*m. Is h composite?
True
Suppose 3*p - 2*r - 563 = 0, -370 = -3*p + p - 4*r. Let w(u) = -17*u**2 - 6*u - 4. Let n be w(-2). Let s = p + n. Is s a prime number?
True
Suppose 129*b = 138*b - 63513. Is b prime?
True
Let u(f) = 326*f - 65. Is u(6) a prime number?
False
Let x be (-3)/(-2) + 51/(-34). Suppose x*v + 2*v = -2. Is -5 - -226 - (-1 - v) a composite number?
True
Suppose 2*x = 4*v - 18, 0 = -3*v - 2*x - 1 + 4. Suppose -v*t = 246 - 681. Is 0 + t + 5 + -5 prime?
False
Let o = -13543 - -20346. Is o composite?
False
Let j(n) = 40*n**2 - 5*n - 9. Let r(y) = -41*y**2 + 6*y + 10. Let i(h) = 5*j(h) + 4*r(h). Let g(c) be the first derivative of i(c). Is g(1) a prime number?
True
Let r(y) be the first derivative of -y**2/2 + 15*y + 16. Suppose 0*c = 4*c. Is r(c) a composite number?
True
Let k be -3 - 105 - 1*-3. Let h = k - -266. Is h a composite number?
True
Suppose 0 = -6*u + 5538 - 1500. Is u composite?
False
Let s be 3 - ((-2 - 2) + 3). Suppose 6001 = s*q - 5*l, -2*q + 3000 = -0*l - 2*l. Suppose 0 = 3*o - q - 760. Is o a prime number?
False
Suppose 0*y = 2*y - d - 7, -y + 3 = -d. Let c be ((-27)/(-12))/(9/840). Suppose c = y*o - 170. Is o a composite number?
True
Let r = 8526 - 4559. Is r composite?
False
Is -2391*(-5 + 4) + 4 composite?
True
Let w(n) = 41*n**3 - 8*n**2 - 3*n + 101. Is w(12) a composite number?
False
Let j(n) be the second derivative of -62*n**3/3 - 5*n**2 + 8*n. Let z(t) = 83*t + 7. Let f(d) = -5*j(d) - 7*z(d). Is f(4) prime?
True
Let y(b) = 10*b - 6. Let g be y(-20). Let r = -27 - g. Is r a composite number?
False
Suppose 2*l + 56595 = z - 2*l, 5*z - 4*l = 283023. Is z composite?
True
Suppose 6*j - 9*j + 3*d + 45558 = 0, 0 = -4*j + d + 60741. Is j prime?
False
Let u be (24/15)/(-4)*-265. Let g = u - 47. Is g a composite number?
False
Let h(s) be the second derivative of 17*s**4/12 - s**2/2 + 12*s. Is h(2) composite?
False
Suppose 3*j = -13 - 23. Let z(t) = 13*t**2 + 18*t + 29. Is z(j) a composite number?
True
Suppose 4*g - 831 = -151. Suppose -4*p = 4*w - 12, -p + 4*w + 6 = p. Suppose -p*t + g = -t. Is t prime?
False
Suppose -2*h + 4285 = -3*q, 1 = 3*q - 8. Suppose 0 = 4*r + 3*g - 2141, 2*r + 5*g = -2*r + h. Is r a composite number?
True
Let m = 3206 + -1429. Is m a prime number?
True
Suppose -2*t + 60 = -4*h, -2*t - 4*h + 7 = -21. Is t*250/5 - 3 prime?
True
Suppose 5*n = -4*g + 2*g - 166, 0 = -5*g + 5*n - 485. Let s be g/(-15) + 3/(-15). Suppose -5*p = 5*j - 455, -p = -s*p - j + 439. Is p prime?
False
Let w = -5695 - -7976. Is w composite?
False
Let a(k) = 30*k**2 + k. Let f be a(-1). Let v(i) = -f*i + 1 + 0 + 2. Is v(-4) prime?
False
Let u be 2 + 0 + -1 + 1. Suppose -3*b + 141 = -u*m, 37 + 198 = 5*b + 2*m. Is b prime?
True
Is ((-5)/(-15))/((-4)/(-70764)) a composite number?
False
Let u(p) = -47*p**3 + 2*p**2 - 10*p + 9. Let f be u(-5). Let a = -3379 + f. Is a composite?
True
Suppose 2696 = a - 2627. Is a a composite number?
False
Suppose 3*r + 4*o = 8319, -r + 256 + 2509 = 4*o. Is r a prime number?
True
Suppose -4*d - d - 895 = -5*a, -5*a = -3*d - 893. Is a composite?
True
Suppose 14 = u - 5*j, -4*u = -3*u + j + 10. Let p be ((-18)/8)/((-7)/28). Is (-74)/(3*u/p) prime?
True
Let z(k) = 3*k**2 + 3*k - 1. Is z(11) a prime number?
False
Let g(z) = -z**3 + 9*z**2 - 7*z - 4. Let j be g(8). Suppose 0 = j*o - v + 41 - 466, -2*v = -4*o + 426. Is o composite?
True
Let u(g) be the first derivative of 1/4*g**4 + 0*g**2 + 5 - 1/3*g**3 + 37*g. Is u(0) a prime number?
True
Let y(k) be the second derivative of 29*k**4/6 - 5*k**3/2 + 7*k**2 + 45*k. Is y(9) composite?
True
Suppose g = 4*s + 13237, -4*g - 3*s + 5789 = -47064. Is g a prime number?
True
Suppose 2*l + 69 = -29. Let u be (-4)/14 - 553/l. Suppose y - u = 56. Is y prime?
True
Suppose -3*v = -12*q + 11*q + 5227, 0 = 2*v. Is q a prime number?
True
Let q(r) = -r**2 - 16*r - 57. Let z be q(-11). Let n(v) be the third derivative of 6*v**5/5 + 5*v**4/24 + v**2. Is n(z) composite?
True
Let y be ((-4)/10)/(3/(-30)). Let m be y/18 + (-532)/(-36). Suppose 0 = z - 40 - m. Is z composite?
True
Let m be (9/(-6))/(2/(-4)). Suppose -2*v - 5*r + 375 = 0, r - 170 = -v + 2*r. Suppose 49 = x - 0*a + a, 4*x - m*a = v. Is x a prime number?
False
Suppose -5 = -7*v - 26. Let s(y) = -18*y - 19. Is s(v) a prime number?
False
Let u be (-2)/((-16)/2276) + 1/(-2). Let b = u + -153. Is b a composite number?
False
Let f = -24 - -28. Suppose -620 = f*s - 2968. Is s composite?
False
Let i be (-2)/5 - (-464)/(-40). Is (40/i)/(2/(-753)) composite?
True
Let f = -2473 - -12246. Is f composite?
True
Let c be -4 + 1 - -47 - 1. Suppose 0 = -5*t + c + 112. Is t prime?
True
Suppose 0 = 17*n - 16*n. Suppose n = 11*a - 15*a + 3284. Is a a composite number?
False
Suppose 4 = -4*h, 3*x + 2*h + 3*h - 7 = 0. Suppose 0 = -x*p - 5*o + 866, -5*p = 3*o - 8*o - 1105. Suppose -4*v = -521 - p. Is v composite?
True
Let b(r) = 743*r**2 - 104*r + 829. Is b(8) composite?
True
Let z = -18175 + 25493. Is z composite?
True
Let d(i) = -i**3 - 20*i**2 + 16. Let w be d(-20). Let l(r) = -r**3 + 20*r**2 - 40*r + 5. Is l(w) composite?
False
Suppose 4 = -2*b + 4. Suppose -4*l = -4*h - 1648, b = -4*l - h - 3*h + 1624. I